housands digit of 53103301?
1
What is the ten thousands digit of 1192216?
9
What is the units digit of 40711508?
8
What is the tens digit of 4562147101?
0
What is the hundred thousands digit of 185663646?
6
What is the units digit of 902203263?
3
What is the tens digit of 14342521?
2
What is the tens digit of 4124899074?
7
What is the ten millions digit of 17640451?
1
What is the tens digit of 231149976?
7
What is the hundred thousands digit of 24104565?
1
What is the tens digit of 4656470?
7
What is the hundred thousands digit of 1862529195?
5
What is the ten thousands digit of 113322439?
2
What is the ten millions digit of 334945662?
3
What is the millions digit of 236120222?
6
What is the thousands digit of 99635520?
5
What is the hundreds digit of 224438448?
4
What is the hundred thousands digit of 1063608361?
6
What is the tens digit of 49312824?
2
What is the ten millions digit of 524293880?
2
What is the millions digit of 2459600689?
9
What is the millions digit of 190376179?
0
What is the hundred millions digit of 3528692944?
5
What is the millions digit of 110112749?
0
What is the units digit of 116250037?
7
What is the ten millions digit of 23179777?
2
What is the ten thousands digit of 66026691?
2
What is the hundred millions digit of 311673810?
3
What is the hundred millions digit of 120975729?
1
What is the ten millions digit of 22038021?
2
What is the hundred millions digit of 363752604?
3
What is the ten millions digit of 909348939?
0
What is the hundred thousands digit of 7931741?
9
What is the ten thousands digit of 190713261?
1
What is the units digit of 16032550?
0
What is the thousands digit of 85870275?
0
What is the hundreds digit of 3830482004?
0
What is the millions digit of 27686609?
7
What is the units digit of 349284200?
0
What is the hundred thousands digit of 978478321?
4
What is the millions digit of 538080314?
8
What is the ten thousands digit of 82540895?
4
What is the units digit of 1883396366?
6
What is the tens digit of 1587287217?
1
What is the ten millions digit of 255689884?
5
What is the millions digit of 30441454?
0
What is the hundred millions digit of 167542401?
1
What is the millions digit of 43510136?
3
What is the tens digit of 47163724?
2
What is the hundred thousands digit of 65681799?
6
What is the hundreds digit of 228413270?
2
What is the hundred millions digit of 2147969256?
1
What is the tens digit of 39729986?
8
What is the ten thousands digit of 342563623?
6
What is the ten thousands digit of 1484337527?
3
What is the tens digit of 921536219?
1
What is the billions digit of 1630514115?
1
What is the units digit of 14516684?
4
What is the millions digit of 65716429?
5
What is the hundred millions digit of 203550784?
2
What is the ten thousands digit of 93495528?
9
What is the hundred millions digit of 131202560?
1
What is the hundred thousands digit of 3388955301?
9
What is the millions digit of 790921390?
0
What is the hundreds digit of 87665887?
8
What is the thousands digit of 198795386?
5
What is the hundred thousands digit of 75034102?
0
What is the tens digit of 3587534767?
6
What is the tens digit of 3368594?
9
What is the ten millions digit of 137563042?
3
What is the tens digit of 143550631?
3
What is the thousands digit of 30655542?
5
What is the hundred millions digit of 7621112582?
6
What is the hundred thousands digit of 346524893?
5
What is the hundred millions digit of 3279539713?
2
What is the millions digit of 4989084?
4
What is the thousands digit of 3107099156?
9
What is the ten thousands digit of 130973027?
7
What is the hundreds digit of 8748436?
4
What is the thousands digit of 122830455?
0
What is the ten millions digit of 54633043?
5
What is the hundreds digit of 191756937?
9
What is the hundred millions digit of 1510927261?
5
What is the tens digit of 160535053?
5
What is the hundred thousands digit of 96704987?
7
What is the ten millions digit of 28317016?
2
What is the thousands digit of 282825202?
5
What is the ten thousands digit of 1118372?
1
What is the hundreds digit of 28444842?
8
What is the ten thousands digit of 58158108?
5
What is the tens digit of 115535765?
6
What is the hundreds digit of 21734037?
0
What is the hundred thousands digit of 2617646964?
6
What is the billions digit of 3546838582?
3
What is the ten thousands digit of 739135375?
3
What is the thousands digit of 293165918?
5
What is the ten thousands digit of 98515053?
1
What is the hundreds digit of 497040895?
8
What is the hundreds digit of 24651892?
8
What is the hundred millions digit of 115787213?
1
What is the thousands digit of 104803063?
3
What is the millions digit of 77099228?
7
What is the hundreds digit of 746822318?
3
What is the tens digit of 98432650?
5
What is the hundred thousands digit of 28950046?
9
What is the tens digit of 361869779?
7
What is the tens digit of 85165934?
3
What is the thousands digit of 13604151?
4
What is the tens digit of 1174193404?
0
What is the tens digit of 45306559?
5
What is the hundred millions digit of 9280049765?
2
What is the hundreds digit of 253583747?
7
What is the hundred millions digit of 158102129?
1
What is the ten millions digit of 22464598?
2
What is the hundred millions digit of 1034406517?
0
What is the hundred millions digit of 613322953?
6
What is the tens digit of 29188098?
9
What is the hundred millions digit of 2365934465?
3
What is the tens digit of 35712111?
1
What is the thousands digit of 110893683?
3
What is the ten thousands digit of 31289447?
8
What is the tens digit of 53848856?
5
What is the ten millions digit of 208207080?
0
What is the tens digit of 1046028708?
0
What is the units digit of 660059505?
5
What is the millions digit of 96540729?
6
What is the ten millions digit of 645941761?
4
What is the hundreds digit of 1832150729?
7
What is the hundred millions digit of 318629831?
3
What is the thousands digit of 39483298?
3
What is the units digit of 547092560?
0
What is the hundred thousands digit of 402209684?
2
What is the ten thousands digit of 2165625861?
2
What is the units digit of 242920322?
2
What is the hundred millions digit of 2924025201?
9
What is the thousands digit of 63310290?
0
What is the units digit of 630870819?
9
What is the units digit of 1071297953?
3
What is the thousands digit of 1461442880?
2
What is the hundred thousands digit of 16530686?
5
What is the billions digit of 2158793879?
2
What is the ten millions digit of 852725074?
5
What is the ten millions digit of 169506944?
6
What is the ten thousands digit of 542683297?
8
What is the tens digit of 662203653?
5
What is the hundred thousands digit of 4157943718?
9
What is the ten millions digit of 529575201?
2
What is the tens digit of 910506410?
1
What is the billions digit of 2061116220?
2
What is the billions digit of 3467676969?
3
What is the thousands digit of 136700769?
0
What is the hundreds digit of 33005910?
9
What is the thousands digit of 4544718899?
8
What is the tens digit of 850355948?
4
What is the hundreds digit of 137926882?
8
What is the ten millions digit of 1357715218?
5
What is the tens digit of 444209107?
0
What is the tens digit of 81019850?
5
What is the units digit of 735276956?
6
What is the millions digit of 2939486684?
9
What is the ten millions digit of 55558693?
5
What is the units digit of 29458180?
0
What is the millions digit of 34530053?
4
What is the thousands digit of 361133498?
3
What is the tens digit of 738447654?
5
What is the hundred thousands digit of 1667057727?
0
What is the hundreds digit of 20194152?
1
What is the hundred millions digit of 446669119?
4
What is the ten millions digit of 65223047?
6
What is the ten thousands digit of 77219954?
1
What is the hundred thousands digit of 18460609?
4
What is the billions digit of 3891640275?
3
What is the tens digit of 153501126?
2
What is the ten thousands digit of 713859541?
5
What is the tens digit of 26821722?
2
What is the ten thousands digit of 190869883?
6
What is the millions digit of 721432962?
1
What is the thousands digit of 831895620?
5
What is the billions digit of 2781681241?
2
What is the hundred thousands digit of 123581810?
5
What is the tens digit of 4704384708?
0
What is the tens digit of 411108231?
3
What is the units digit of